e (base 16) to base 6
-402033102
What is 366721 (base 9) in base 3?
102020210201
What is -243540 (base 6) in base 3?
-1002121120
What is 2337432 (base 9) in base 2?
100110100111000010000
Convert -52ca5 (base 14) to base 10.
-200065
Convert 2ab539 (base 12) to base 10.
724797
What is 5220ca (base 15) in base 4?
32321120221
100012210220200 (base 3) to base 2
10010101011101001001111
23135156 (base 7) to base 9
3726842
What is -2212002111 (base 3) in base 2?
-1101101110001000
Convert 4278 (base 15) to base 13.
652a
What is -62381 (base 9) in base 10?
-41140
1311020203 (base 4) to base 13
13a4c1
Convert 201309 (base 10) to base 5.
22420214
Convert -1000000110110011111110 (base 2) to base 11.
-1221648
Convert 10100110010000 (base 2) to base 16.
2990
What is a5bd (base 14) in base 7?
146226
-1abc750 (base 13) to base 4
-201320111302
Convert 2d898c (base 14) to base 15.
218b31
-213306 (base 9) to base 5
-13031340
What is 4040036 (base 10) in base 15?
54c0ab
What is -100100010001100111110 (base 2) in base 10?
-1188670
Convert 27a3aa3 (base 13) to base 16.
bf7285
What is 5423413 (base 6) in base 9?
447280
Convert -5352046 (base 9) to base 3.
-12101202001120
3566264 (base 7) to base 13
12b5c7
-101100101000000100 (base 2) to base 13
-65278
What is 10202202010 (base 3) in base 7?
426150
What is -12acb0 (base 13) in base 16?
-6e7cc
100000001110110011 (base 2) to base 12
64497
What is 225457 (base 11) in base 13?
c72a6
Convert 312563 (base 9) to base 8.
552434
22a4047 (base 11) to base 2
1111010100101101110001
-442451 (base 8) to base 16
-24529
What is -5801454 (base 9) in base 5?
-1300140244
8e469 (base 16) to base 15
b7a0b
What is -1685043 (base 9) in base 13?
-26c955
Convert -14ba555 (base 12) to base 16.
-408191
Convert 183136 (base 10) to base 5.
21330021
-5321544 (base 6) to base 9
-435121
Convert 11345405 (base 7) to base 15.
14c358
1375aa (base 11) to base 6
4335240
Convert -1275122 (base 8) to base 16.
-57a52
What is 17456744 (base 9) in base 13?
1a8401a
What is 4899d0 (base 14) in base 15?
341596
What is -13782280 (base 9) in base 4?
-122013012033
What is 5665643 (base 8) in base 13?
41981c
What is -26690 (base 10) in base 4?
-12201002
Convert -1101791 (base 13) to base 15.
-6cb335
Convert ad3c5 (base 14) to base 13.
119594
What is -3313a6 (base 15) in base 6?
-124101250
Convert -8dab (base 15) to base 9.
-45238
Convert 4232042 (base 5) to base 7.
413461
What is -646478 (base 11) in base 8?
-3742321
40300523 (base 7) to base 3
20021221021112
Convert -2c8446 (base 13) to base 5.
-240304003
Convert 14941b8 (base 13) to base 8.
31057732
643255a (base 11) to base 6
1042351121
What is b736 (base 16) in base 2?
1011011100110110
-2760500 (base 8) to base 5
-144403220
124844 (base 11) to base 7
1446251
Convert -632653 (base 7) to base 4.
-122220013
-401053301 (base 6) to base 9
-13661831
What is 101101111111000001001 (base 2) in base 3?
2211112222100
-666584 (base 14) to base 8
-15203070
232203221 (base 4) to base 15
3b782
What is -29239 (base 14) in base 13?
-3754c
Convert -93bcb (base 15) to base 10.
-468416
-6612513 (base 7) to base 5
-201410303
What is -14442342 (base 5) in base 9?
-256852
a9ba2 (base 13) to base 6
10331010
What is -2335 (base 15) in base 14?
-2a1d
What is 233021311030 (base 4) in base 14?
18daa72
Convert 16111852 (base 9) to base 16.
7aa8f9
What is -124415 (base 10) in base 8?
-362777
What is 5233320 (base 6) in base 7?
2104014
Convert 11100001011001101 (base 2) to base 6.
2250141
Convert -62619 (base 13) to base 11.
-110914
ccc9e (base 15) to base 8
2367141
Convert -22042030 (base 5) to base 4.
-232130321
-15d271 (base 15) to base 8
-4020243
What is 84dab5 (base 14) in base 6?
240153435
What is -3243155 (base 6) in base 10?
-161423
What is 364a (base 16) in base 2?
11011001001010
20255621 (base 7) to base 16
19dc09
1302000323 (base 4) to base 12
1a630b
What is -a16a6 (base 11) in base 14?
-3c211
523332253 (base 6) to base 12
3081089
80517 (base 16) to base 9
880870
299a5 (base 11) to base 9
64223
Convert -725d (base 15) to base 6.
-303511
What is 15a746 (base 11) in base 5?
30422323
1344212130 (base 5) to base 16
3583dd
What is -328862 (base 11) in base 13?
-15473b
-344535445 (base 6) to base 3
-110000121101102
21102221012 (base 3) to base 9
242835
-12303652 (base 8) to base 7
-32064001
Convert 245224 (base 13) to base 4.
3103331113
What is 5067254 (base 8) in base 4?
11012322230
What is -10111000101000010111 (base 2) in base 9?
-1372334
-2144 (base 11) to base 4
-230033
Convert -502722 (base 9) to base 14.
-7a4b0
What is -113123010233 (base 4) in base 13?
-136ca78
Convert 231542255 (base 6) to base 7.
51316106
-5d0366 (base 14) to base 11
-1889109
Convert 90162 (base 10) to base 15.
1baac
-582bb (base 13) to base 4
-213101221
24430442 (base 6) to base 13
214a27
Convert -105540032 (base 7) to base 12.
-21aa898
Convert 22222221000021 (base 3) to base 15.
646b2d
What is 1101011101010001000 (base 2) in base 11?
281340
What is -3544011 (base 7) in base 4?
-1231113132
What is 1003421 (base 9) in base 2?
10000010010111010011
Convert ac10f (base 16) to base 10.
704783
What is 1313041 (base 6) in base 11?
4a072
Convert -1bc3a6 (base 16) to base 11.
-1033074
What is -221222220303 (base 4) in base 16?
-a6aa33
What is 1245455 (base 6) in base 10?
68651
Convert 112201022212 (base 3) to base 8.
1065564
113322423 (base 7) to base 4
122230112211
What is -234cc9 (base 15) in base 13?
-470b44
Convert -50da42 (base 14) to base 10.
-2726810
What is 5b432 (base 16) in base 7?
3114553
15524303 (base 6) to base 4
2013222033
Convert 2d40b9 (base 15) to base 2.
1000010110110011010101
What is -7c13 (base 15) in base 13?
-bcb5
What is -1333113132 (base 6) in base 10?
-16106096
Convert 20301021 (base 4) to base 7.
206463
Convert 1798bb (base 12) to base 13.
114cc5
What is 84209 (base 14) in base 11?
1a84a2
-1b829 (base 12) to base 4
-21333201
Convert 112110212 (base 3) to base 14.
3bbb
-10001414203 (base 5) to base 9
-20378103
-b9230a (base 13) to base 2
-10000100101000101000111
What is 2a078 (base 11) in base 10?
42677
What is 160a996 (base 11) in base 13?
754a2b
Convert -b9530 (base 15) to base 8.
-2175204
Convert -2232d1 (base 14) to base 13.
-31876a
-105141301 (base 6) to base 14
-381d65
What is 1423501 (base 11) in base 4?
21112003232
What is 23342074 (base 8) in base 6?
301122540
-100111111110100110 (base 2) to base 8
-477646
Convert -232998 (base 15) to base 8.
-6320267
What is d19a3 (base 16) in base 7?
10204002
What is -424412400 (base 5) in base 10?
-1794725
Convert -44432304 (base 7) to base 8.
-16514044
-11011000101101111 (base 2) to base 11
-76402
What is -2963779 (base 10) in base 13?
-7ca020
Convert 30b15 (base 12) to base 5.
4020214
What is 14347013 (base 8) in base 4?
30130320023
Convert 42053210 (base 6) to base 11.
76388a
Convert 11170a3 (base 12) to base 5.
1314032041
What is -225189 (base 11) in base 5?
-42431012
What is 240241 (base 7) in base 10?
43345
What is 2d3b5c (base 16) in base 14?
57240c
-643101 (base 8) to base 3
-101220100220
Convert -48bcb (base 14) to base 15.
-37ad6
3412305 (base 6) to base 12
84095
Convert 297477 (base 12) to base 15.
db801
What is -21141 (base 15) in base 4?
-121213033
Convert -102022121122 (base 3) to base 15.
-4602e
Convert -323014102 (base 6) to base 9.
-11720012
1374704 (base 8) to base 13
109338
1001 (base 16) to base 14
16c9
Convert -35a614 (base 13) to base 5.
-311422220
-f38e8 (base 16) to base 2
-11110011100011101000
118b1b (base 12) to base 16
45947
-50103414 (base 6) to base 12
-57ab6a
d3e0ed (base 15) to base 6
555510011
Convert -bbb574 (base 13) to base 9.
-8281811
1010000101011101100111 (base 2) to base 16
285767
Convert 20012020212220 (base 3) to base 10.
3292080
Convert 1011101000110110011 (base 2) to base 9.
641116
What is -12355450 (base 6) in base 5?
-100414220
What is -9a70510 (base 11) in base 2?
-1000011010110111100111110
Convert 43444330 (base 8) to base 4.
203210203120
Convert -3751723 (base 8) to base 5.
-231143032
What is 203231333 (base 4) in base 13?
51791
-1501243 (base 6) to base 8
-247533
What is 33207 (base 9) in base 2?
101011000010111
Convert -303121110232 (base 4) to base 12.
-4618aba
Convert 10001101000011111 (base 2) to base 8.
215037
Convert -103633 (base 14) to b